f 1459979.
19, 43, 1787
What are the prime factors of 449679?
3, 149893
What are the prime factors of 1605366?
2, 3, 7, 31, 137
What are the prime factors of 81304?
2, 10163
List the prime factors of 86469.
3, 19, 37, 41
What are the prime factors of 117730?
2, 5, 61, 193
List the prime factors of 19003238.
2, 1777, 5347
List the prime factors of 281012.
2, 163, 431
List the prime factors of 375327.
3, 13901
What are the prime factors of 196624?
2, 12289
List the prime factors of 7424710.
2, 5, 193, 3847
List the prime factors of 1364833.
47, 71, 409
What are the prime factors of 655958?
2, 327979
List the prime factors of 8537084.
2, 37, 1559
List the prime factors of 5332937.
5332937
What are the prime factors of 103727?
13, 79, 101
List the prime factors of 1121504.
2, 101, 347
What are the prime factors of 10602050?
2, 5, 17, 12473
What are the prime factors of 2509166?
2, 11, 17, 6709
List the prime factors of 12230656.
2, 1493
List the prime factors of 19298176.
2, 150767
What are the prime factors of 1401846?
2, 3, 233641
List the prime factors of 374906.
2, 7, 61, 439
What are the prime factors of 8507405?
5, 311, 5471
What are the prime factors of 378662?
2, 59, 3209
What are the prime factors of 2893010?
2, 5, 439, 659
What are the prime factors of 95177?
95177
List the prime factors of 149044.
2, 7, 5323
List the prime factors of 411.
3, 137
List the prime factors of 1990967.
11, 47, 3851
What are the prime factors of 27163906?
2, 7, 11, 176389
What are the prime factors of 280809?
3, 41, 761
What are the prime factors of 80435?
5, 16087
What are the prime factors of 1725807?
3, 577, 997
List the prime factors of 601859.
59, 101
What are the prime factors of 3957451?
3957451
What are the prime factors of 65530?
2, 5, 6553
What are the prime factors of 1048673?
677, 1549
What are the prime factors of 19832543?
47, 571, 739
What are the prime factors of 345189?
3, 13, 53, 167
List the prime factors of 570798.
2, 3, 19, 1669
What are the prime factors of 818978?
2, 43, 89, 107
What are the prime factors of 196728?
2, 3, 7, 1171
List the prime factors of 12739251.
3, 7, 179, 3389
List the prime factors of 22514470.
2, 5, 11, 23, 809
What are the prime factors of 24730?
2, 5, 2473
List the prime factors of 104904.
2, 3, 31, 47
What are the prime factors of 8032326?
2, 3, 19, 70459
List the prime factors of 49207.
49207
What are the prime factors of 100969?
11, 67, 137
What are the prime factors of 99572?
2, 11, 31, 73
What are the prime factors of 2336332?
2, 101, 5783
What are the prime factors of 2841273?
3, 315697
List the prime factors of 2591893.
23, 112691
What are the prime factors of 480760?
2, 5, 7, 17, 101
List the prime factors of 8618654.
2, 11, 391757
List the prime factors of 19046677.
13, 1465129
What are the prime factors of 4727350?
2, 5, 94547
List the prime factors of 25298557.
19, 137, 9719
What are the prime factors of 223671?
3, 7, 10651
What are the prime factors of 256003?
11, 17, 37
List the prime factors of 563434.
2, 281717
What are the prime factors of 249126?
2, 3, 41521
List the prime factors of 29713634.
2, 14856817
List the prime factors of 897983.
897983
List the prime factors of 319448.
2, 73, 547
What are the prime factors of 10534535?
5, 11, 191537
List the prime factors of 7241.
13, 557
List the prime factors of 4954467.
3, 7, 235927
What are the prime factors of 706227?
3, 151, 1559
What are the prime factors of 19100735?
5, 89, 42923
List the prime factors of 1563513.
3, 7, 74453
What are the prime factors of 362469?
3, 120823
What are the prime factors of 86244?
2, 3, 7187
List the prime factors of 535052.
2, 7, 97, 197
What are the prime factors of 235882?
2, 59, 1999
List the prime factors of 3308358.
2, 3, 491, 1123
What are the prime factors of 3422765?
5, 557, 1229
What are the prime factors of 2971849?
2971849
What are the prime factors of 1364429?
11, 23, 5393
What are the prime factors of 326200?
2, 5, 7, 233
List the prime factors of 5231080.
2, 5, 19, 6883
What are the prime factors of 2848993?
7, 19, 31, 691
List the prime factors of 1492960.
2, 5, 7, 31, 43
List the prime factors of 6921716.
2, 1730429
What are the prime factors of 880?
2, 5, 11
What are the prime factors of 9427159?
7, 192391
List the prime factors of 10584100.
2, 5, 53, 1997
What are the prime factors of 264085?
5, 52817
What are the prime factors of 9177491?
9177491
What are the prime factors of 1539647?
313, 4919
List the prime factors of 4140590.
2, 5, 41, 10099
What are the prime factors of 2913116?
2, 61, 11939
What are the prime factors of 8491961?
41, 207121
What are the prime factors of 1310756?
2, 327689
List the prime factors of 15333880.
2, 5, 383347
List the prime factors of 14957347.
83, 307, 587
What are the prime factors of 2486976?
2, 3, 12953
What are the prime factors of 115195?
5, 23039
What are the prime factors of 31012775?
5, 1240511
List the prime factors of 695255.
5, 11, 12641
List the prime factors of 245761.
53, 4637
What are the prime factors of 7277525?
5, 291101
What are the prime factors of 398683?
398683
List the prime factors of 63876.
2, 3, 5323
What are the prime factors of 36853?
137, 269
List the prime factors of 3368560.
2, 5, 13, 41, 79
List the prime factors of 14936258.
2, 7468129
List the prime factors of 10009527.
3, 11, 53, 59, 97
List the prime factors of 2161019.
7, 73, 4229
List the prime factors of 1748519.
1748519
What are the prime factors of 1105520?
2, 5, 13, 1063
List the prime factors of 1457961.
3, 31, 61, 257
List the prime factors of 9696302.
2, 7, 11, 79, 797
What are the prime factors of 682505?
5, 136501
What are the prime factors of 761244?
2, 3, 11, 73, 79
What are the prime factors of 359918?
2, 13, 109, 127
What are the prime factors of 202916?
2, 7, 7247
What are the prime factors of 4949486?
2, 2474743
What are the prime factors of 238552?
2, 29819
What are the prime factors of 254289?
3, 7, 12109
What are the prime factors of 129160?
2, 5, 3229
List the prime factors of 260999.
260999
List the prime factors of 11716287.
3, 11, 355039
List the prime factors of 10949857.
521, 21017
List the prime factors of 1737592.
2, 217199
List the prime factors of 2726366.
2, 1363183
List the prime factors of 3043879.
37, 82267
What are the prime factors of 670783?
107, 6269
What are the prime factors of 7328958?
2, 3, 7, 13, 31, 433
List the prime factors of 8528268.
2, 3, 7, 101527
List the prime factors of 46928.
2, 7, 419
List the prime factors of 218716.
2, 54679
List the prime factors of 376488.
2, 3, 7, 83
What are the prime factors of 154997?
23, 293
What are the prime factors of 18788?
2, 7, 11, 61
List the prime factors of 14203224.
2, 3, 7, 28181
List the prime factors of 13499115.
3, 5, 7, 128563
List the prime factors of 1578860.
2, 5, 89, 887
List the prime factors of 3413675.
5, 136547
What are the prime factors of 4712760?
2, 3, 5, 13, 19, 53
What are the prime factors of 2854814?
2, 1427407
List the prime factors of 26159136.
2, 3, 43, 6337
What are the prime factors of 9273252?
2, 3, 772771
What are the prime factors of 228281?
228281
List the prime factors of 274017.
3, 241, 379
What are the prime factors of 9159608?
2, 1144951
List the prime factors of 30657690.
2, 3, 5, 7, 5407
List the prime factors of 465899.
7, 19, 31, 113
List the prime factors of 5078101.
7, 23, 31541
What are the prime factors of 39071577?
3, 13023859
List the prime factors of 1295344.
2, 19, 4261
List the prime factors of 12748022.
2, 7, 179, 5087
What are the prime factors of 886223?
13, 68171
List the prime factors of 7554338.
2, 11, 343379
What are the prime factors of 13476432?
2, 3, 280759
What are the prime factors of 4546138?
2, 2273069
What are the prime factors of 221767?
7, 13, 2437
What are the prime factors of 543030?
2, 3, 5, 23, 787
List the prime factors of 253692.
2, 3, 29
What are the prime factors of 5750799?
3, 37, 103, 503
What are the prime factors of 665405?
5, 13, 29, 353
List the prime factors of 1113335.
5, 107, 2081
List the prime factors of 48738.
2, 3, 8123
List the prime factors of 578326.
2, 7, 101, 409
What are the prime factors of 12715839?
3, 470957
List the prime factors of 1539584.
2, 31, 97
What are the prime factors of 519387?
3, 1